1?
19
Calculate the remainder when 657 is divided by 66.
63
What is the remainder when 619 is divided by 47?
8
Calculate the remainder when 104 is divided by 57.
47
What is the remainder when 1139 is divided by 380?
379
What is the remainder when 134 is divided by 45?
44
What is the remainder when 410 is divided by 16?
10
Calculate the remainder when 1518 is divided by 19.
17
What is the remainder when 114 is divided by 13?
10
What is the remainder when 10327 is divided by 41?
36
Calculate the remainder when 2494 is divided by 104.
102
Calculate the remainder when 18 is divided by 12.
6
Calculate the remainder when 782 is divided by 112.
110
What is the remainder when 135 is divided by 72?
63
Calculate the remainder when 12153 is divided by 190.
183
Calculate the remainder when 279 is divided by 70.
69
Calculate the remainder when 80 is divided by 12.
8
Calculate the remainder when 28 is divided by 13.
2
What is the remainder when 2686 is divided by 28?
26
What is the remainder when 637 is divided by 15?
7
Calculate the remainder when 23 is divided by 4.
3
What is the remainder when 339 is divided by 57?
54
Calculate the remainder when 75 is divided by 13.
10
Calculate the remainder when 39462 is divided by 67.
66
What is the remainder when 108 is divided by 16?
12
What is the remainder when 534 is divided by 174?
12
What is the remainder when 4863 is divided by 232?
223
What is the remainder when 131 is divided by 39?
14
What is the remainder when 272 is divided by 92?
88
What is the remainder when 2555 is divided by 49?
7
Calculate the remainder when 86 is divided by 32.
22
Calculate the remainder when 274 is divided by 41.
28
Calculate the remainder when 563 is divided by 21.
17
Calculate the remainder when 43 is divided by 1.
0
What is the remainder when 423 is divided by 36?
27
Calculate the remainder when 263 is divided by 74.
41
What is the remainder when 449 is divided by 183?
83
Calculate the remainder when 198 is divided by 63.
9
What is the remainder when 487 is divided by 49?
46
Calculate the remainder when 26 is divided by 16.
10
Calculate the remainder when 17295 is divided by 309.
300
What is the remainder when 517 is divided by 131?
124
What is the remainder when 2402 is divided by 60?
2
Calculate the remainder when 287 is divided by 89.
20
Calculate the remainder when 293 is divided by 17.
4
Calculate the remainder when 168 is divided by 39.
12
Calculate the remainder when 178 is divided by 40.
18
Calculate the remainder when 501 is divided by 22.
17
Calculate the remainder when 452 is divided by 37.
8
Calculate the remainder when 13 is divided by 7.
6
What is the remainder when 7029 is divided by 89?
87
Calculate the remainder when 58 is divided by 29.
0
Calculate the remainder when 104 is divided by 56.
48
Calculate the remainder when 102 is divided by 74.
28
Calculate the remainder when 9694 is divided by 101.
99
Calculate the remainder when 119 is divided by 20.
19
Calculate the remainder when 138 is divided by 11.
6
Calculate the remainder when 328 is divided by 67.
60
What is the remainder when 10529 is divided by 3506?
11
Calculate the remainder when 3268 is divided by 74.
12
Calculate the remainder when 307 is divided by 11.
10
Calculate the remainder when 334 is divided by 28.
26
Calculate the remainder when 2065 is divided by 109.
103
Calculate the remainder when 265 is divided by 68.
61
What is the remainder when 1990 is divided by 18?
10
What is the remainder when 3621 is divided by 9?
3
What is the remainder when 642 is divided by 102?
30
Calculate the remainder when 1401 is divided by 39.
36
Calculate the remainder when 391 is divided by 45.
31
Calculate the remainder when 75 is divided by 26.
23
Calculate the remainder when 2335 is divided by 18.
13
What is the remainder when 248 is divided by 42?
38
Calculate the remainder when 45 is divided by 2.
1
What is the remainder when 43 is divided by 15?
13
Calculate the remainder when 2122 is divided by 118.
116
Calculate the remainder when 1077 is divided by 68.
57
Calculate the remainder when 1854 is divided by 32.
30
What is the remainder when 965 is divided by 6?
5
What is the remainder when 290 is divided by 14?
10
Calculate the remainder when 134 is divided by 23.
19
What is the remainder when 2182 is divided by 42?
40
Calculate the remainder when 847 is divided by 44.
11
What is the remainder when 1809 is divided by 128?
17
Calculate the remainder when 52 is divided by 24.
4
What is the remainder when 186 is divided by 27?
24
Calculate the remainder when 1825 is divided by 10.
5
Calculate the remainder when 531 is divided by 479.
52
What is the remainder when 2295 is divided by 28?
27
What is the remainder when 43 is divided by 5?
3
Calculate the remainder when 146 is divided by 22.
14
Calculate the remainder when 174 is divided by 137.
37
What is the remainder when 584 is divided by 12?
8
What is the remainder when 107 is divided by 34?
5
What is the remainder when 319 is divided by 18?
13
What is the remainder when 721 is divided by 38?
37
What is the remainder when 42063 is divided by 179?
177
What is the remainder when 258 is divided by 22?
16
What is the remainder when 78 is divided by 4?
2
Calculate the remainder when 60 is divided by 32.
28
Calculate the remainder when 1025 is divided by 10.
5
Calculate the remainder when 1219 is divided by 115.
69
Calculate the remainder when 5397 is divided by 135.
132
Calculate the remainder when 37 is divided by 17.
3
Calculate the remainder when 1915 is divided by 32.
27
Calculate the remainder when 239 is divided by 113.
13
Calculate the remainder when 932 is divided by 11.
8
What is the remainder when 211 is divided by 42?
1
Calculate the remainder when 81 is divided by 42.
39
What is the remainder when 1117 is divided by 70?
67
What is the remainder when 469 is divided by 63?
28
What is the remainder when 218 is divided by 90?
38
Calculate the remainder when 1086 is divided by 74.
50
Calculate the remainder when 15198 is divided by 25.
23
What is the remainder when 208 is divided by 20?
8
What is the remainder when 6887 is divided by 14?
13
What is the remainder when 616 is divided by 35?
21
Calculate the remainder when 793 is divided by 40.
33
Calculate the remainder when 8229 is divided by 1370.
9
Calculate the remainder when 110 is divided by 103.
7
What is the remainder when 1106 is divided by 264?
50
What is the remainder when 593 is divided by 25?
18
Calculate the remainder when 917 is divided by 92.
89
Calculate the remainder when 93 is divided by 6.
3
Calculate the remainder when 276 is divided by 202.
74
Calculate the remainder when 195 is divided by 45.
15
What is the remainder when 739 is divided by 73?
9
Calculate the remainder when 691 is divided by 77.
75
What is the remainder when 26 is divided by 9?
8
What is the remainder when 190 is divided by 65?
60
What is the remainder when 1369 is divided by 26?
17
Calculate the remainder when 3043 is divided by 29.
27
What is the remainder when 221 is divided by 212?
9
Calculate the remainder when 59 is divided by 14.
3
Calculate the remainder when 591 is divided by 35.
31
What is the remainder when 3089 is divided by 38?
11
What is the remainder when 209 is divided by 118?
91
Calculate the remainder when 3919 is divided by 109.
104
Calculate the remainder when 268 is divided by 123.
22
Calculate the remainder when 907 is divided by 81.
16
Calculate the remainder when 2041 is divided by 292.
289
Calculate the remainder when 51 is divided by 21.
9
Calculate the remainder when 76 is divided by 37.
2
Calculate the remainder when 1460 is divided by 249.
215
Calculate the remainder when 181 is divided by 7.
6
What is the remainder when 176 is divided by 14?
8
Calculate the remainder when 40 is divided by 24.
16
Calculate the remainder when 2513 is divided by 37.
34
Calculate the remainder when 2722 is divided by 12.
10
What is the remainder when 109 is divided by 49?
11
Calculate the remainder when 28357 is divided by 11.
10
What is the remainder when 463 is divided by 154?
1
Calculate the remainder when 279 is divided by 63.
27
Calculate the remainder when 447 is divided by 111.
3
What is the remainder when 365 is divided by 16?
13
What is the remainder wh